ided by 396037.
655
What is the remainder when 540933 is divided by 9335?
8838
What is the remainder when 1412622 is divided by 746?
444
Calculate the remainder when 73980 is divided by 18493.
8
Calculate the remainder when 22125248 is divided by 470.
468
What is the remainder when 13880694 is divided by 1202?
1200
What is the remainder when 147016 is divided by 73174?
668
What is the remainder when 5620213 is divided by 1873387?
52
Calculate the remainder when 1048592 is divided by 795.
782
What is the remainder when 234289 is divided by 6671?
804
What is the remainder when 6625 is divided by 6430?
195
Calculate the remainder when 2061643 is divided by 2191.
2103
Calculate the remainder when 182099 is divided by 25847.
1170
Calculate the remainder when 20407 is divided by 1037.
704
What is the remainder when 2555116 is divided by 851705?
1
What is the remainder when 686692 is divided by 228808?
268
Calculate the remainder when 1325053 is divided by 2864.
1885
What is the remainder when 31446 is divided by 1548?
486
Calculate the remainder when 505718 is divided by 168558.
44
What is the remainder when 1456726 is divided by 100?
26
Calculate the remainder when 407941 is divided by 44.
17
Calculate the remainder when 89821 is divided by 3298.
775
Calculate the remainder when 47101673 is divided by 389.
386
What is the remainder when 92706 is divided by 416?
354
Calculate the remainder when 27601153 is divided by 11.
8
Calculate the remainder when 7701391 is divided by 519.
469
What is the remainder when 2182395 is divided by 54558?
75
Calculate the remainder when 2924920 is divided by 188.
16
What is the remainder when 74184609 is divided by 221?
213
Calculate the remainder when 7153230 is divided by 3576612.
6
Calculate the remainder when 24333130 is divided by 142299.
1
Calculate the remainder when 259848 is divided by 191.
88
Calculate the remainder when 820961 is divided by 3749.
3679
Calculate the remainder when 2588433 is divided by 3595.
33
What is the remainder when 8184155 is divided by 2364?
2351
What is the remainder when 113814911 is divided by 3571?
3570
Calculate the remainder when 35999111 is divided by 794.
739
What is the remainder when 79074 is divided by 2548?
86
Calculate the remainder when 1464752 is divided by 54250.
2
What is the remainder when 1281661 is divided by 213607?
19
Calculate the remainder when 526683 is divided by 100.
83
What is the remainder when 572413 is divided by 630?
373
What is the remainder when 49761 is divided by 307?
27
Calculate the remainder when 47561 is divided by 23487.
587
What is the remainder when 49442326 is divided by 57?
13
What is the remainder when 36550 is divided by 11923?
781
Calculate the remainder when 6935922 is divided by 1832.
1802
Calculate the remainder when 794074463 is divided by 264691486.
5
Calculate the remainder when 1365795 is divided by 1005.
0
Calculate the remainder when 9662951 is divided by 3220979.
14
Calculate the remainder when 9564 is divided by 4498.
568
What is the remainder when 10448746 is divided by 24356?
22
Calculate the remainder when 19305498 is divided by 4826354.
82
What is the remainder when 420978 is divided by 308?
250
What is the remainder when 6713046 is divided by 2784?
822
Calculate the remainder when 40788658 is divided by 224.
50
What is the remainder when 176226335 is divided by 156?
155
Calculate the remainder when 183176 is divided by 3053.
3049
What is the remainder when 1718648 is divided by 1000?
648
Calculate the remainder when 8214883 is divided by 123.
82
What is the remainder when 40115 is divided by 18064?
3987
What is the remainder when 11669507 is divided by 1166933?
177
Calculate the remainder when 373476652 is divided by 6.
4
What is the remainder when 134855543 is divided by 19?
3
Calculate the remainder when 5698144 is divided by 8105.
329
What is the remainder when 45100 is divided by 1133?
913
What is the remainder when 695191 is divided by 1247?
612
What is the remainder when 33856644 is divided by 33856620?
24
Calculate the remainder when 7297991 is divided by 44229.
206
What is the remainder when 18800463 is divided by 799?
792
What is the remainder when 3903444 is divided by 1611?
1602
What is the remainder when 933390981 is divided by 11832?
11829
What is the remainder when 868839 is divided by 22277?
36
Calculate the remainder when 496734 is divided by 1024.
94
What is the remainder when 3432122 is divided by 1537?
1
Calculate the remainder when 573789685 is divided by 191263227.
4
What is the remainder when 117194047 is divided by 25?
22
What is the remainder when 297564 is divided by 783?
24
Calculate the remainder when 865325 is divided by 43264.
45
Calculate the remainder when 3154818 is divided by 28420.
198
What is the remainder when 2324319 is divided by 80?
79
What is the remainder when 28510016 is divided by 1530?
1526
Calculate the remainder when 1094982 is divided by 65.
57
Calculate the remainder when 1115859 is divided by 164.
3
What is the remainder when 52487160 is divided by 13?
11
What is the remainder when 1021803 is divided by 67992?
1923
What is the remainder when 53721835 is divided by 644?
643
What is the remainder when 1522551 is divided by 354?
351
Calculate the remainder when 306908849 is divided by 439.
437
Calculate the remainder when 13245602 is divided by 2414.
2398
What is the remainder when 26227 is divided by 2014?
45
What is the remainder when 258036 is divided by 55?
31
Calculate the remainder when 186109762 is divided by 93054873.
16
Calculate the remainder when 70238 is divided by 67749.
2489
Calculate the remainder when 1127609 is divided by 473.
450
Calculate the remainder when 10022024 is divided by 44741.
40
Calculate the remainder when 395310 is divided by 1733.
186
What is the remainder when 3453906 is divided by 63961?
12
What is the remainder when 4567424 is divided by 40065?
14
Calculate the remainder when 3251209 is divided by 112.
73
What is the remainder when 9439 is divided by 9402?
37
Calculate the remainder when 4101952 is divided by 35669.
17
What is the remainder when 126888435 is divided by 205?
200
What is the remainder when 7551797 is divided by 32691?
176
Calculate the remainder when 15379465 is divided by 71201.
49
Calculate the remainder when 485798 is divided by 44150.
148
Calculate the remainder when 57876309 is divided by 7212.
9
What is the remainder when 4442 is divided by 68?
22
What is the remainder when 414226 is divided by 2252?
2110
What is the remainder when 3541 is divided by 170?
141
What is the remainder when 372197 is divided by 534?
533
Calculate the remainder when 129309811 is divided by 76.
67
What is the remainder when 239848 is divided by 15987?
43
Calculate the remainder when 99273 is divided by 24811.
29
What is the remainder when 6506814 is divided by 6850?
6164
What is the remainder when 44122685 is divided by 14707559?
8
What is the remainder when 39243216 is divided by 19621602?
12
Calculate the remainder when 4406481 is divided by 1001.
79
Calculate the remainder when 27748494 is divided by 1431.
1404
What is the remainder when 1578296 is divided by 35870?
16
Calculate the remainder when 30446592 is divided by 23.
20
Calculate the remainder when 3771482 is divided by 141.
14
What is the remainder when 2120438 is divided by 2112?
2102
What is the remainder when 113546 is divided by 12603?
119
Calculate the remainder when 12658 is divided by 340.
78
What is the remainder when 29138878 is divided by 585?
28
What is the remainder when 9469750 is divided by 59935?
20
What is the remainder when 22985 is divided by 9759?
3467
What is the remainder when 3900821 is divided by 1267?
995
Calculate the remainder when 726477 is divided by 34.
33
Calculate the remainder when 24279737 is divided by 649.
647
What is the remainder when 100854 is divided by 996?
258
Calculate the remainder when 259383 is divided by 2513.
544
What is the remainder when 10470021 is divided by 120?
21
Calculate the remainder when 3355325 is divided by 412.
409
Calculate the remainder when 24579002 is divided by 117.
110
Calculate the remainder when 38065894 is divided by 776.
766
Calculate the remainder when 217924 is divided by 1786.
32
Calculate the remainder wh